 - c*r = -3505. List the prime factors of r.
701
Let r(k) = 3*k**2 - 22*k - 26. Let g(i) = 5*i**2 - 43*i - 53. Let u(o) = -4*g(o) + 7*r(o). Let s be u(-15). List the prime factors of (-2)/(9/s - 334/(-590)).
59
Let l be (2100/126)/(23/12 + -2). What are the prime factors of (6 - 42/15)*l/(-1)?
2, 5
Suppose 0 = -2*k - 6, 745 = o + 3*o + k. What are the prime factors of o?
11, 17
Let o = 75451 + -52634. What are the prime factors of o?
22817
Let f(g) be the first derivative of 2*g**3/3 + 7*g**2 - 20*g - 135. What are the prime factors of f(8)?
2, 5, 11
What are the prime factors of (-5)/((-20)/31976) + 6/(-2)?
61, 131
What are the prime factors of 544995/132*(-36)/(-15)?
3, 367
Suppose -13232 = 22*t - 40248. What are the prime factors of t?
2, 307
Suppose 5*j = -m + 39510, 14*m = -j - 5560 + 558286. What are the prime factors of m?
2, 3, 5, 7, 47
Suppose 196 = 62*i - 610. Let o be 2 + 9 + (-1 - -2). Suppose -i*w + o*w + 85 = 0. What are the prime factors of w?
5, 17
Suppose -3*u + 5404 = 11*u. Suppose -l + 2*n + 426 = 31, 0 = -l - n + u. List the prime factors of l.
389
Suppose 3*r = -2*r + 75. Suppose 0 = 2*g - 5*n + r, n = 4*g - 0*g + 3. Suppose 5*q + 2*k - k - 125 = g, -114 = -4*q + 2*k. List the prime factors of q.
2, 13
Let i(s) = -s**3 - 14*s**2 - 39*s - 232. List the prime factors of i(-32).
2, 11, 13, 17
Let o = -2 + 2. Suppose -4*q + 4*a + 12 - 4 = o, -a = -5*q + 10. Suppose 2*m - 128 = -2*y, -5*y + 2*y + 123 = q*m. List the prime factors of m.
3, 23
Suppose -4*a + 3*a + 5*y = -5, 0 = 5*y. Suppose a*g - 1841 = -446. Suppose -11*b = -557 - g. What are the prime factors of b?
2, 19
Let d = -17735 + 47832. List the prime factors of d.
30097
Let b(f) = 19*f**2 - 4*f - 717 + 734 - 5*f. What are the prime factors of b(-5)?
3, 179
Let o = 19 + -14. Let y be (o/(-25))/(4/10)*-2. What are the prime factors of y/2 + 2215/10?
2, 3, 37
Let v be 480 - (5 - (-60)/(-6)). Suppose -3*i + 4*d - 120 - 239 = 0, -4*i - d = v. Let a = i - -219. What are the prime factors of a?
2, 7
Suppose 39*x + 2022 = 6088 + 5099. List the prime factors of x.
5, 47
Let j(f) = 3*f**3 + 29*f**2 - 10*f + 4. Let q be j(-10). Suppose 3*p = 4*i - 1844, -p - q*p - 1852 = -4*i. List the prime factors of i.
2, 229
Let q(x) = -79*x**2 + 14*x + 5. Let t be q(-2). List the prime factors of -5 + 4 + (-4 - t).
2, 167
Suppose 0 = 22*g - 131*g + 77172. List the prime factors of g.
2, 3, 59
Let x(z) = 37*z**2 + 35*z + 2. Let w be x(14). Suppose -18*r + 2*r + w = 0. List the prime factors of r.
2, 11
Let d(a) = a**2 - 124*a - 1286. List the prime factors of d(-73).
3, 5, 97
Let b be (104/52)/((-4)/(-22)). Suppose 0 = b*p - 6941 + 935. What are the prime factors of p?
2, 3, 7, 13
Let v be (-8)/(-44) - (-150)/22. Suppose -321 + 69 = v*g. Let i = g + 41. List the prime factors of i.
5
Suppose 5*p = -2*f + 5380, 4*f + 2*p + 5137 - 15913 = 0. List the prime factors of f.
5, 7, 11
Let s = -97 - -97. Let q = s + 126. What are the prime factors of q?
2, 3, 7
Suppose 13*o - 9*o - 41 = -b, 4*b + 3*o - 99 = 0. Let h = 59 - b. What are the prime factors of h?
2, 19
Suppose 3*i = 4*i - 4*c + 8, -5*i - 70 = -5*c. Let k(j) = j**2 + 4*j + 33. What are the prime factors of k(i)?
3, 5
Let n(r) = 17*r - 54. Let o be n(13). Suppose -2*q = -q - 3*u - o, 168 = q - 4*u. What are the prime factors of q?
2, 41
Suppose -s + 1366 = 3*v - 243, -5*v = -5*s - 2715. Let u = 887 - v. Let d = -122 + u. What are the prime factors of d?
227
List the prime factors of -42303*2/(-9) - (-16)/48.
7, 17, 79
Suppose 5*r + 5 = -2*w + 1, 3*w + 6 = -r. Let k(v) = -2*v**2 - v + 3. Let h be k(w). List the prime factors of 96*(-1)/3*h.
2, 3
Let f(m) = 8*m**2 + 19*m - 29. Suppose -40*w = 243 + 277. What are the prime factors of f(w)?
2, 269
Let p(f) = f**3 - 13*f**2 - 11*f + 6. Let l be p(15). List the prime factors of l/((3 + -18)/(-5)).
97
Let i(y) = y + 180. Let h(f) = 4*f - 26. Let x be h(7). Suppose 2*g + 5*m - 10 = 0, 0 = -6*g + 2*g - x*m + 4. What are the prime factors of i(g)?
2, 3, 5
Let v(y) = 410*y**2 - 68*y + 67. List the prime factors of v(1).
409
Suppose 0 = 4*q - 0*q - 4*c - 20, -5*q = -2*c - 22. Suppose 7 = -q*r - 5, 3*x - 1404 = 5*r. Suppose 4 = -3*j + x. List the prime factors of j.
3, 17
Let p = -31958 + 11774. Let o be ((-1)/(-3))/((-8)/p). Suppose 5*y - o = 2*u + 71, 4*u = -2*y + 360. What are the prime factors of y?
2, 7, 13
Let v(a) = 4*a - 53. Let z be v(16). Suppose z*b - 1656 = 2*b. Let m = 261 - b. List the prime factors of m.
7, 11
Let n = 41536 + -28955. What are the prime factors of n?
23, 547
Suppose 2*j + 15624 = -22*j. Let n = j + 1229. List the prime factors of n.
2, 17
Let a(s) = s**2 + 29*s + 124. Let n be a(-29). Suppose -7*h - n = -9*h. List the prime factors of h.
2, 31
Suppose 3*l + g = -3*g - 9, 4*g = 0. Let u(s) be the third derivative of 11*s**5/60 + 5*s**4/24 + 5*s**3/6 + 2*s**2 - 217. List the prime factors of u(l).
89
Let p be 18/(-33) + (-1708)/(-308). Suppose p*q = -2*v + 2125, -3*q + 103 = 94. List the prime factors of v.
5, 211
Let b be ((27/(-3))/3 - -1) + 989. Suppose 12*z - 15*z + b = 0. What are the prime factors of z?
7, 47
Suppose 852*m - 967800 = 827*m. List the prime factors of m.
2, 3, 1613
Let t be (-11)/(330/168) + (-4)/10. Let c = -103 - t. What are the prime factors of (c*2)/(-2) - 6/2?
2, 47
What are the prime factors of -9*(-34)/(-2142) - (-348994)/14?
2, 19, 41
Let x(g) = 8*g**2 + 22*g - 36. List the prime factors of x(-31).
2, 5, 17, 41
Let c be (-27)/4*(-80)/(-6). List the prime factors of 1803/27 - 20/c.
67
Suppose 267 + 91 = -o. Let d = -327 - o. List the prime factors of d.
31
Suppose -4*s = -12 - 4. Suppose -12 = -2*g + s*g. List the prime factors of 2/(-4)*g + 103.
2, 53
Suppose 5*f - 4*k = 13810, 0*f + 8284 = 3*f - 2*k. Suppose -2*q = -6*q + 8, 4*a - 5*q = f. What are the prime factors of a?
2, 173
Let t be 142*(2/(-8))/((-3)/24). Suppose -4*i - 2*m + 4*m + 284 = 0, 4*i + 5*m = t. Let z = 203 - i. What are the prime factors of z?
2, 3, 11
Suppose -4*x - 8 = -4*t, t + t = 4*x + 4. Let b(f) = -8 + 10*f + 0*f**2 + t*f**2 + 4*f. List the prime factors of b(-10).
2, 13
Suppose 0 = -26*x - 9*x - 8*x + 718702. List the prime factors of x.
2, 61, 137
Suppose -177104 - 429326 = -37*d. What are the prime factors of d?
2, 5, 11, 149
Let o(j) = 47*j**2 + 97*j - 121. List the prime factors of o(14).
3, 43
Let c = 27771 + -11160. Suppose 10*w = c - 3621. What are the prime factors of w?
3, 433
Suppose -10440 = -4*g - 3*w, 0 = -2*g + 5*w - 0*w + 5220. Let a = g + -1495. List the prime factors of a.
5, 223
Let v = -509 - -3508. List the prime factors of v.
2999
Suppose 13*a + 4 = 9*a. Let i be 24/30*(a/(-2) - -2). Suppose -5*m + 15 = 0, -i*m - 359 = -2*k - 3*k. What are the prime factors of k?
73
What are the prime factors of 18920/72 - -5 - (-4)/18?
2, 67
Suppose -2*v = 3*z - 17926, -5*v + 3241 = z - 2730. What are the prime factors of z?
2, 3, 83
Suppose c + 44915 = 16*o - 15*o, -5*o - c + 224551 = 0. List the prime factors of o.
97, 463
Suppose -119*t + 3806354 = -45*t + 167*t. What are the prime factors of t?
2, 53, 149
Suppose 0 = 5*j - 4*a - 219545, -56*a + 52*a = 0. What are the prime factors of j?
19, 2311
Let n(s) = -4*s**2 - 106*s - 43. List the prime factors of n(-13).
659
Let v be -2 + 8032 - (-34 + 28). Suppose 14*d = -27*d + v. What are the prime factors of d?
2, 7
Suppose 8*s = 22*s - 42*s + 478296. List the prime factors of s.
2, 3, 13, 73
Let j be (1140/50)/(2 + (-46)/20). Let g = j - -340. What are the prime factors of g?
2, 3, 11
Let b = -71538 - -126214. List the prime factors of b.
2, 13669
Let f(p) = -9182*p - 1696. List the prime factors of f(-2).
2, 3, 463
Suppose -12 = -4*x - 12. What are the prime factors of 4 - (2 - x)*(-211)/2?
5, 43
Let y = -46419 + 96669. What are the prime factors of y?
2, 3, 5, 67
Suppose -2362 - 1698 = -7*w. List the prime factors of w.
2, 5, 29
Let k(h) = -h**3 - 4*h**2 + 19*h - 6. Let u be k(-7). List the prime factors of 2 + -4*(-362)/u.
3, 61
Let x(m) = -175*m - 25. Let z(h) = 88*h + 13. Let t(n) = 3*x(n) + 7*z(n). List the prime factors of t(2).
2, 3, 11
Suppose -8*p + 7*p = 3*u + 16, 3*p + 6 = -2*u. Let i = 26 + -38. What are the prime factors of 52 + (8/i)/(u/(-27))?
7
Let q = -515 + 378. Let b be ((-1)/(-1))/(1/193). Le